9
3 + (1 - (-9 - -1 - (-3 - 3)))
6
Evaluate 166 + -180 - (2 - -1).
-17
What is the value of (-121 - -120) + 4 + 4?
7
What is the value of (12 + -12 - -1) + -2?
-1
Calculate -68 - -33 - -5 - (-2 - (0 + 2)).
-26
Calculate (-18 - 22) + 40 + -22.
-22
What is the value of -31 - (-25 - (-32 + 20))?
-18
What is the value of (-104 + 104 - (0 + 8)) + 9?
1
What is (-20 - (14 - 13)) + 54?
33
Evaluate 20 - ((-2 - -77) + -30).
-25
What is the value of (-6 - -4 - 7 - 3) + -119 + 125?
-6
Calculate 10 - ((-15 + 9 - -56) + -10 + 3).
-33
What is 33 - (17 + (-33 - -53))?
-4
What is (9 - 23) + -5 + 0 + 10?
-9
Evaluate -1 - -2 - (-81 + 67).
15
Calculate 8 + (4 - (7 - 6)) + 9.
20
What is the value of 13 + -44 + 16 - -15?
0
What is the value of -7 - -6 - (-16 + (3 - 2))?
14
Calculate 25 + (7 - 16) + -25.
-9
Calculate 31 + -25 - 21 - (3 - -1).
-19
Evaluate -15 + 6 + (9 - 6) - (-42 - 1).
37
What is the value of (19 - -1) + 9 + 23 + -36 + -7?
9
What is the value of -1 + (12 - (7 - (-12 + 2)))?
-6
(-2 - ((15 - 13) + -23)) + -13
6
Evaluate -11 + (-11 + 0 - -15).
-7
-3 - -13 - (8 + 36 + -2 - 8)
-24
Calculate -22 - (-8 - (-1 - -6)).
-9
Calculate -1 - (-9 + 8 + (0 - (3 - 4))).
-1
Calculate (6 - 1 - -8) + -1.
12
(0 - -20) + (33 - 77 - -34)
10
Calculate 38 - 4 - (86 + -78).
26
What is the value of 24 + -43 - -71 - (10 + 2)?
40
What is the value of -11 - (7 + -7 + 21 - 13)?
-19
What is (1 + -8 - (-11 + -5 + 2)) + 15?
22
-23 - ((-10 - -20) + -28)
-5
What is the value of -30 - (15 - (17 + 2 + -10 + 1))?
-35
29 - ((-17 - -30) + 18)
-2
Evaluate (11 - 10) + 3 - -1.
5
Calculate 6 + -5 + -5 + (0 - 0 - 8).
-12
What is (-1 - 1) + 9 - 17?
-10
Calculate -23 + (46 - 6) + -17.
0
-22 + 1 + 35 + (0 - 20)
-6
4 + -14 + 0 + 11
1
Evaluate -688 - -691 - (-1 - -19).
-15
What is the value of 1 + -6 - (-34 - (-43 - -16))?
2
What is the value of 6 + -3 + -20 - (378 - 394)?
-1
What is (6 - 3) + 1 + 2 - (5 + 0)?
1
Calculate (11 - ((5 - (-10 + 3)) + -5)) + 5.
9
(6 - (-2 + (2 - -8))) + 3
1
Evaluate 12 + -18 + 24 - 14.
4
-11 + (1 - -1) + (-1 - -2)
-8
Evaluate (-29 - (10 - (0 - -12))) + 12.
-15
What is the value of (-3 - 2) + 4 + -4 + -7?
-12
What is the value of 5 - -12 - 19 - (0 - 0) - -6?
4
What is -6 + 4 - (1 - -8 - 12)?
1
What is -5 + -11 + (9 - 6) - -1?
-12
What is 2 - (2 + -3 - (-3 - -4))?
4
What is -9 + (6 - -3 - 6) - -11 - 0?
5
(-1 - (2 + 1)) + (6 - (3 + 13))
-14
Evaluate 142 - 137 - (-11 + 1).
15
What is the value of 24 - ((8 - (5 - (2 - -2))) + 3)?
14
Evaluate 10 + (-3 - (-16 + 4 - -2)).
17
What is 8 + (-3 - (3 + -2) - -4) - -2?
10
What is 37 + 0 - (-2 - -34)?
5
(18 - 1) + (-8 - (14 + 20 + -44))
19
What is the value of 19 + 9 + -20 - -16?
24
What is 6 - (2 + (-9 - -7))?
6
Evaluate -12 + 19 + -1 + -9 + -4.
-7
What is (-1705 - -1667) + (16 - 1)?
-23
What is the value of -1 - (8 - (-30 - -30 - (-6 + 0)))?
-3
What is (5 - (7 - 15) - 15) + (0 - 5)?
-7
(13 - 4) + (4 - (13 + -4)) + -11
-7
What is the value of (154 - 182) + (49 - -2)?
23
(-12 + 7 + -9 - -9) + -6 + 20
9
14 + -25 + 8 + 7
4
What is (1 - -3 - -2) + (5 - 0)?
11
0 - 14 - -15 - (-9 + 2)
8
4 + (23 - 35) - (10 + -1)
-17
What is 10 + (2 - 8) - (13 - 5)?
-4
-74 - -222 - 152 - (-1 + 0 + -5)
2
What is the value of 25 - (-35 - -49) - -18?
29
Evaluate 9 - 11 - (6 - 8 - -7).
-7
Calculate 0 - (-14 + -3 + 6 + 3 - 0).
8
What is 10 + (-52 - -52) + -2 + 1 + -47?
-38
Evaluate -2 + 2 + -2 - (14 + (-3 - -9)).
-22
Evaluate -18 + 14 + 1 + (-2 - -1 - -17).
13
-5 - (-5 - (3 + 3)) - (5 - -5)
-4
(-11 - -7) + (-7 + 3 - -30)
22
Calculate 25 + -24 + 9 + -17.
-7
What is 34 + -21 + 28 + -15 - (3 - 13)?
36
What is 35 - 8 - 14 - (-4 + 14)?
3
Calculate (5 - 0) + -26 - (-151 - -131).
-1
What is 23 - (-1 + (-29 - -22) + (10 - 1))?
22
Evaluate ((-6 - -6) + 1 - 3) + -1 + 0.
-3
(-4 - 20 - -11) + 13 - -11
11
What is (-21 - -3) + (8 - 35) + 15?
-30
(6 - 9 - (-1 + 4)) + 24
18
(10 - (10 + -1)) + 14 + -1
14
Calculate 4 + -85 + 101 + 2 + -14.
8
What is 0 + 29 + -19 + -21?
-11
Calculate -41 - (32 + -152 + 47).
32
What is (11 - 0) + (8 - 1 - 14 - -14)?
18
-1 + 0 + 7 + (-52 - (-31 - -5))
-20
What is 13 + 0 + 15 - 12?
16
Calculate 7 + (7 - (-1 + 8)) + -6.
1
Evaluate 11 + -1 + (21 - 12).
19
182 + -187 - (-2 + -3 - 4)
4
Evaluate 9 - (9 + 1 + -10) - -4.
13
Evaluate -8 - (-2 + -3 - (14 - 15 - -10)).
6
Evaluate -18 + 40 - (16 - -18).
-12
What is the value of -4 - (8 + (-4 - -4))?
-12
Evaluate -20 - -17 - (4 + 0 + 2).
-9
Evaluate (2 - 10 - -19) + (-3 - 0) + 3.
11
5 + (-6 - 3 - -3 - (11 + -1))
-11
Evaluate 15 - -3 - (0 + 1 + 8).
9
-2 + (1 - -4) + (12 + -11 - 6)
-2
Evaluate (8 + -1 - -4) + -11 - 5.
-5
Calculate -3 + (14 - 11 - 8).
-8
Calculate -15 + -6 + 7 + 0 + -43 + 43.
-14
Evaluate -5 + (-10 - (-3 + -4) - -5 - 1).
-4
What is the value of (-13 - -17) + (-16 - 1) + (-3 - -4)?
-12
Evaluate 0 + (1 - (3 + 2 + 16)) + 3.
-17
Calculate 38 + 19 + -34 + -44.
-21
What is the value of 0 - (-7 - -1 - -2) - 4?
0
Evaluate (6 - -13) + -14 - (-2 + 18) - -4.
-7
Calculate -1 - (-3 - 8 - (-1 + -5 + 2)).
6
Calculate 2 - ((1 - -18) + (12 + -11 - 7)).
-11
Evaluate -27 - (19 - 69) - (-4 - 4 - 1).
32
Evaluate -4 + -1 + 0 - ((-31 - -26) + 7).
-7
What is -1 - -3 - (-4 + (-28 - -28))?
6
What is the value of -19 + 7 + (3 - -3) + -18?
-24
-6 + (-11 - (8 + -13)) - 15
-27
(-6 - -13) + -93 + 72
-14
Calculate 4 + 6 - ((36 - 3) + (-43 - -47)).
-27
Evaluate -4 + -4 + (4 - 4) + -1.
-9
4 + (3 - (-3 + (-2 - (-6 - -4))))
10
What is 16 - (8 + -15 + 6 + -13)?
30
What is the value of (3 - 4) + 9 + -7?
1
Calculate 6 + -6 - (1 - -8) - (-145 + 113).
23
Evaluate -10 - -6 - 5 - (-6 + -3).
0
What is the value of (7 - 10) + 5 + -7 - 10?
-15
Calculate (4 - (5 + -10)) + -2 + -1.
6
Calculate 3 - (-1 + (14 - 7)).
-3
What is (11 - 3 - (17 + -14)) + -2 - 0?
3
Calculate 6 - (8 + -35) - (-10 + 7 + 4).
32
Calculate -3 - -4 - 1 - (-28 - (-23 - 7)).
-2
Evaluate 0 + -33 + 12 + -2 + -12.
-35
0 + (-3 - -9) + -14 + 3
-5
Evaluate 3 + -4 + -4 + (1 - -18).
14
Evaluate -11 - (1 + -9) - (3 + -10).
4
What is -3 + -1 + -1 + 2 - (-536 - -545)?
-12
What is 3 + (9 - -6) + -10 - 1?
7
(60 - (-43 - -66)) + -74
-37
(-54 - -33 - -25) + -27
-23
What is the value of -2 - 10 - (6 - 1) - -6?
-11
(23 - (38 - 25)) + -2 + 1
9
What is (-5 - (-13 + 21 - (-7 + 14))) + 7?
1
0 - ((-1 - 4) + 2) - 10
-7
What is the value of (16 - ((4 - 21) + 25)) + (0 - 29)?
-21
Evaluate -2 - (7 - (-34 + 50 + 2 + -3)).
6
Calculate (74 - 73 - (3 + 0)) + (3 - -1).
2
Evaluate (-6 - (-8 - -8)) + 4 - (-7 + 3).
2
What is the value of -34 - 1 - -5 - -32?
2
-39 - (-46 + -3 - -25)
-15
What is 93 - 83 - (1 - -11) - (-1 + 2)?
-3
15 - 15 - (-1 - (17 - 1))
17
What is the value of -9 + (-15 - -19) + 15?
10
-2 + (-3 - 2 - 1) - (18 - 20)
-6
What is 0 + 0 - (8 + 2 + (7 - 9))?
-8
Calculate -18 + -19 + 1 + 18.
-18
What is 16 - (-1 + -3) - (75 + -73)?
18
What is the value of -158 - -167 - ((-11 - -5) + 7)?
8
Calculate 1 - -3 - (-1 + -4 + 3 + 5).
1
Calculate (-19 - -2 - 0 - 6) + -1 + 5.
-19
Calculate 24 + -8 + -14 + 3.
5
2 + -32 + 3 + (-7 - (14 + -25))
-23
Calculate 4 + -36 + -21 + 70.
17
What is the value of ((3 - 3) + 4 - 4) + 17 + 19?
36
Evaluate -12 + 43 + (5 - 25).
11
Calculate -30 - (24 - (11 - -28)).
-15
What is -5 + -1 - ((-41 - -44) + (-7 - 3))?
1
What is (4 - (-2 + 19)) + 7 - (-6 + 6)?
-6
What is (-2 - 0 - (-16 + 15)) + 7?
6
Evaluate (8 + (-5 - -6) + -18 - -5) + -11.
-15
What is 25 + -23 - (10 + 3)?
-11
Evaluate 9 + -4 + (3 - 5) - 5.
-2
Calculate -1 + -3 - -5 - (-5 + -7 + 18).
-5
Evaluate -9 + -17 - (-91 + 71).
-6
What is the value of (0 + 7 - (11 - -1)) + 2 + 1?
-2
What is 2 - -13 - (49 - 47 - (-2 - 0))?
11
(21 - 22) + (0 - (3 - (-14 + 1)))
-17
What is the value of (8 + 0 - (25 + -22)) + -7?
-2
Calculate 3 + -3 - (-4 + -2) - (9 - 11).
8
Evaluate 29 - (-19 - (-103 + 25)).
-30
What is the value of -1 + -8 + -49 + 49 + 7?
-2
Calculate -9 - (-9 - (-7 - (-3 + -24)) - -2).
18
What is -7 - (-5 + 11 - (2 - -3))?
-8
7 + (-6 - ((-2 - 10) + (-1 - -7)))
7
What is the value of -9 + (-4 - -5) + (-7 + 9 - -1)?
-5
Evaluate (-12 - -20) + -2 + -6.
0
-333 - -376 - (2 + 22)
19
Calculate -21 + -8 + 36 - (0 - 1).
8
What is 14 + (21 - 16) + (4 - 7 - -3)?
19
Calculate 83 - 27 - 23 - (1 + 3).
29
What is -1 + 22 + -34 + (13 - 0)?
0
Evaluate 30 + -13 + -19 - (-14 - 1).
13
What is the value of 1 + (-3 - (-5 - (-4 - -4) - -5))?
-2
-5 -